5) is divided by 4/(-14) - ((-186)/(-14))/(-1).
12
Let u(b) = -b**3 + 6*b**2 + 3*b - 5. Suppose 6*m = 1200 - 234. Let i = m - 98. What is the remainder when i is divided by u(6)?
11
Suppose 4*y = h + 95, 0 = -2*y - y + 4*h + 68. Suppose -313 - 112 = -5*u. Let t = -44 + u. Calculate the remainder when t is divided by y.
17
What is the remainder when 452 is divided by 932/6 + (-34 - -33) - (-6)/(-18)?
144
Let x be 84/6 - 10 - (1 - -1). Calculate the remainder when 78 is divided by x - -2 - -16 - 3.
10
Suppose -8 = i + i. Let r(d) = -d**3 - 3*d**2 - d + 2. What is the remainder when (1 - -63) + (1 - 0) is divided by r(i)?
21
Suppose -7*g = -16 + 2. Let c be (-10)/2*(-2 + g/5). Suppose -55 = -c*y + 3*y - 5*d, -5*y + 39 = d. What is the remainder when y is divided by 6?
1
Let u = 28664 - 28613. Calculate the remainder when 301 is divided by u.
46
Let y(f) = -87*f - 2361. What is the remainder when y(-29) is divided by 48?
18
Let x be -1*1/(-4) - 620/(-80). Suppose -x*h + 5*h - 8*h = 0. Suppose h = -3*z + 201 + 39. What is the remainder when z is divided by 27?
26
Suppose 0 = -478*r + 480*r + 164. Let j = -28 - r. Calculate the remainder when j is divided by 25.
4
Let n(a) = -a**2 - 9*a + 1013. Calculate the remainder when n(-20) is divided by 5.
3
Let j = 3389 + -3092. Calculate the remainder when 594 is divided by j.
0
Suppose -12*d + 2*d = -120. Let h = d + -13. What is the remainder when 55 is divided by 15 - (-5 + 2 + h)?
17
Suppose 90*d - 54 = 86*d - 2*j, -4*d = 4*j - 60. Calculate the remainder when 2865 is divided by d.
9
Suppose 9942 = 3*o - 4*m, -53*o + 2*m + 3316 = -52*o. Calculate the remainder when o is divided by 92.
90
Let g(z) = 3*z + 21. Let x be g(-7). Suppose x*q = -6*q + 270. Suppose 2*h - q = h + 3*n, -5*h = -2*n - 212. Calculate the remainder when 81 is divided by h.
39
Suppose -2*s - 4*r + 14 = 0, -2*s - 2*r = -5*s + 13. Suppose 5*d = 17 + 8. What is the remainder when d is divided by s?
0
Suppose 431*j + 3*t - 671 = 435*j, 0 = -4*t + 20. Let f = -122 + 4. Let n = f - j. What is the remainder when n is divided by 8?
6
Suppose -4*u - o + 196 + 69 = 0, -3 = -3*o. What is the remainder when 6070 is divided by u?
64
Let w(o) = 3*o**2 + 21*o - 94. Let r(l) = 2*l**2 + 11*l - 47. Let j(c) = 5*r(c) - 3*w(c). Calculate the remainder when 92 is divided by j(8).
45
Let q = -48 - -358. Let g = -23 - -62. Calculate the remainder when q is divided by g.
37
Let p be ((-2)/(-8)*-9)/((-21)/56). Suppose p = 9*j - 6*j. Suppose -4*h - r - 3*r = -204, 0 = -j*h + 4*r + 114. Calculate the remainder when h is divided by 28.
25
Let m(d) = -d**3 + 75*d**2 + 81*d - 379. What is the remainder when 79 is divided by m(76)?
0
Let w = -22 + 102. Suppose 29 = s + 4*o, -13*o = -4*s - 16*o + 116. Calculate the remainder when w is divided by s.
22
Calculate the remainder when 1129 is divided by 284/(117/63 - (-2)/14).
135
Let o(v) = 81*v**2 + 11*v - 39*v**2 - 41*v**2 + 2*v + 23. Let i be o(-12). Suppose 613 + 223 = i*a. Calculate the remainder when a is divided by 26.
24
What is the remainder when -495*((-47)/70 + (-4)/(-56)) is divided by 141?
15
Let y be 102/(-1) + 2 + 0. Let u = 114 + y. Let p = 9 - 5. What is the remainder when u is divided by p?
2
Suppose -2*x + 44619 = 234*f - 239*f, -4*x - f = -89227. What is the remainder when x is divided by 132?
131
Let l be ((-84)/144)/((-1)/(-4))*3/(-1). Let a(t) = -t + 20. Let g(p) = -1. Let q(v) = a(v) - 3*g(v). Calculate the remainder when 78 is divided by q(l).
14
Let i = -7895 - -8865. Calculate the remainder when i is divided by 17.
1
Suppose 0 = -4*p + 24, 108*p - 107*p - 1106 = -5*s. What is the remainder when 471 is divided by s?
31
What is the remainder when 104 is divided by -21*(-36)/(-54) + 21?
6
Suppose -5*c = -5, 4*t = -9*c + 10*c + 11. Suppose 3*d + 1 = 2*d, t*j = 4*d + 52. What is the remainder when j is divided by -12*((-3)/2 - -1)?
4
Suppose 7*u + 3*u - 80 = 0. Suppose 19*c = u*c + 1738. Suppose 2*x - c = -t, 473 = 2*t + 3*x + 156. Calculate the remainder when t is divided by 41.
37
Let u be (1*(-1 + 2))/(13/234). Suppose 55 = 23*o - u*o. What is the remainder when 188/6 - 16/(-24) is divided by o?
10
What is the remainder when 310 is divided by 0 + (57/(-2))/(3/(-6))?
25
Suppose 10 = -2*n, -4*n = 3*d - 6*d + 104. What is the remainder when (-18744)/(-180) - (-2 - 64/(-30)) is divided by d?
20
Let i(q) = 2*q + 297. Calculate the remainder when i(6) is divided by 97.
18
Suppose 460 = 4*z + 2*v, 71*z + 5*v = 73*z - 230. Calculate the remainder when z is divided by 64.
51
Let q(r) = 5*r**2 - 18*r + 19. Let n be q(6). Suppose 0 = n*i - 82*i - 1377. What is the remainder when i is divided by 13?
10
Let w be (-1 - -1) + 4/(8/6). Let u be (w + -7)*(15/4)/(-5). Suppose 4*b + 5 + u = 2*j, 4*b = 0. What is the remainder when 13 is divided by j?
1
Let t(g) = -177*g + 3449. What is the remainder when 114 is divided by t(19)?
28
Suppose 87*r + 90*r = 61*r + 28884. What is the remainder when r is divided by 16?
9
Suppose -127*t - 3 = -128*t, 0 = -v - 2*t + 76. What is the remainder when v is divided by 8?
6
Suppose 0 = -418*x + 417*x - 3*z + 22, -x + 28 = z. What is the remainder when 941 is divided by x?
11
Let w(k) = 6*k**2 - 4*k + 7. Let u be w(10). Suppose -u = -16*m - 71. What is the remainder when 58 is divided by m?
27
Let s = -22 - -14. Calculate the remainder when 204 is divided by ((-130)/(-25))/(s/(-20)).
9
Let d(u) = u**3 + 18*u**2 - 65. Suppose 0 = -3*s - 5*h - 22 - 16, 44 = -3*s - 2*h. Calculate the remainder when d(s) is divided by 9.
6
Suppose 615 = 2*n + 5*z, 0 = 49*n - 51*n - 3*z + 613. What is the remainder when n is divided by 74?
9
Suppose 0 = -5*a + 20, 2*q = -0*a - 4*a + 20. Suppose 14 = 2*v - q. Let n(r) = 37*r + 782. What is the remainder when n(-19) is divided by v?
7
Suppose -24*z + 24 = -16*z. Suppose -z = v - 4, -2*v - 361 = 3*w. Let m = w + 138. What is the remainder when m is divided by 5?
2
Suppose 19*m - 197 = 69. What is the remainder when 153 is divided by m?
13
Let g(c) = 4*c**3 + c. Let w be g(-1). Let i be ((-3)/(-3))/(w/(-60)). Suppose i*s + 23 = 13*s. What is the remainder when s is divided by 12?
11
Suppose 0 = m + 4*m. Suppose -4*v + 5*u + 19 = m, v - 1 = 5*u - 3*u. What is the remainder when ((-156)/(-364) - 81/(-7))/((-12)/(-30)) is divided by v?
8
Suppose 8*h - 14*h = 48. Let u = h - -63. Suppose 4*i - 37 = u. What is the remainder when i is divided by 4?
3
Let j(a) = -a**3 + 10*a**2 - 2*a + 9. Let f be j(4). Suppose 17 = -8*y + f. Suppose 2*n = 3*n - 7. What is the remainder when y is divided by n?
3
Let g(u) = 9*u**2 - 10*u + 7. Suppose -600*m = -595*m - 115. What is the remainder when g(4) is divided by m?
19
Let z be -9 + 14 + 10 - 7. Suppose 0 = -12*p + z*p + o + 1017, 0 = 5*o + 5. Calculate the remainder when p is divided by 66.
56
Let p = -5762 - -6179. Calculate the remainder when p is divided by 62.
45
Calculate the remainder when 4587 is divided by -6 + ((-9)/6)/(18/(-1092)*1).
82
Let y = 3099 - 2936. What is the remainder when y is divided by 116?
47
Let k(m) = -5*m**2 - m + 18. Let b be k(10). Let q = -343 - b. Suppose 0 = 2*z + 3*g - 167, 2*z - 2*g - g = q. Calculate the remainder when z is divided by 16.
15
What is the remainder when (131/(-3))/(32/(-96)) is divided by 123?
8
Let p(q) = -3*q**3 - 34*q**2 + 16*q - 76. Calculate the remainder when 150 is divided by p(-12).
10
Let q(p) = 41*p**2 - 37*p - 58. What is the remainder when q(-4) is divided by 11?
9
Calculate the remainder when (22 - 2381)*(-14 - -13) is divided by 585.
19
Suppose -2*f + 574 = -4*m, -3*m - 3*f = -0*m + 408. Let u = 198 - m. Let k = 487 - u. Calculate the remainder when k is divided by 25.
23
Let q = 4036 + -3807. Calculate the remainder when 10073 is divided by q.
226
Suppose 8*t = -7*t. Suppose -5*y = -5*b + 295, -b + 2*y = -t*b - 59. Suppose -2*p + p + 30 = 0. What is the remainder when b is divided by p?
29
Suppose -724 = -866*i + 861*i + 2*b, -4*i + 582 = -3*b. Calculate the remainder when 564 is divided by i.
132
Let n = -4381 + 4397. What is the remainder when 395 is divided by n?
11
Suppose -v + 15 = -5*a, -1 = 4*a + 7. What is the remainder when (-4)/(-16) - (-5 + (-38)/8) is divided by v?
0
Let v(m) = -m**3 - 7*m**2 - 57*m - 428. What is the remainder when 753 is di